 - y. Let b = h - -332. What is the remainder when b is divided by 35?
33
Let u(s) = 2*s**2 + 8*s - 1. Let c = 12 - 24. Suppose 2*z = o - 22 - 26, 4*o - 4*z = 192. Calculate the remainder when u(c) is divided by o.
47
Let n(s) = s**2 + 14*s + 35. Let r be n(-11). Suppose 6*t - 2*t - 60 = 0. What is the remainder when r/9 - (-1540)/36 is divided by t?
13
Let f(o) = o**3 + 4*o**2 - 9*o - 17. Let y be f(-6). What is the remainder when 135 is divided by (92/(-10))/(14/y)?
20
Let w(z) = 13*z**3 + 4*z**2 - 13*z + 9. What is the remainder when 2715 is divided by w(1)?
11
Let b(w) = -70*w - 216. Let l be b(-3). Let y(r) = r - 1. Let t be y(-1). Calculate the remainder when 9 is divided by l/(-33) + ((-42)/(-11) - t).
3
Suppose -3*a + 5*g + 20 = 0, 2*g - 6 = -2*a - 2*g. Let f(m) = 4*m + 7. Let q = 1232 - 1216. Calculate the remainder when f(a) is divided by q.
11
Suppose -64*a + 152*a = 8624. What is the remainder when 277 is divided by a?
81
Let n(s) = s - 1. Let d be n(7). Suppose 4*c = d*c - 196. What is the remainder when c is divided by 83/4 + (-39)/52?
18
Let f = 23251 - 23208. Let o(w) = 3*w**2. Let y be o(1). Suppose -y*b = -0*b - 15. What is the remainder when f is divided by b?
3
Suppose 5*r + 165 = m, 3*r - 568 = -4*m - 0*r. Suppose 3*u = -9*u - 4*u + 1168. Calculate the remainder when m is divided by u.
72
Let f = -2 + -260. Let z = 183 - f. What is the remainder when z is divided by 56?
53
Calculate the remainder when 1849 is divided by -7 - (-6 - -6) - (-113 - 3).
105
Let k = 295 + -291. Suppose k + 280 = 2*o. What is the remainder when o is divided by 29?
26
Suppose 0 = 6*w - 17 - 79. Let g(t) = -t**2 + 5*t + 22. Calculate the remainder when w is divided by g(7).
0
Let j(f) = -f**3 + 5*f**2 + 72*f - 224. Calculate the remainder when 1699 is divided by j(3).
9
Suppose p + 194 = -2*p + 2*y, p = 3*y - 53. Let j = p - -70. Suppose -4*b - 3*m = -49, -j*m = 2 + 8. What is the remainder when 72 is divided by b?
8
Let i = 3326 - 3238. Calculate the remainder when 1141 is divided by i.
85
Suppose 0 = -221*z + 226*z - 60. Suppose -9*g - 183 = -z*g. What is the remainder when 242 is divided by g?
59
Let p be (-17)/238 + 86/28. Suppose -4*q - 3*u + 1728 = 0, 675 = p*q - 3*u - 621. What is the remainder when q is divided by 87?
84
Let r be (-22)/(-33)*3/2. Let x be (4 - -2)*((-19)/2 + r). Calculate the remainder when 65 is divided by x*3/(-9)*(-2)/(-2).
14
Suppose -745*s + 761*s - 74336 = 0. Calculate the remainder when s is divided by 15.
11
Suppose 5*b - 378 = 2846*v - 2848*v, -4*b = -2*v + 324. Calculate the remainder when 225 is divided by v.
51
What is the remainder when 142 is divided by 67 + -1 + (-644)/644?
12
Let s(f) = -31*f + 88. Calculate the remainder when s(-18) is divided by 27.
25
Let q = -19860 + 19925. What is the remainder when 713 is divided by q?
63
Suppose 5*w + 18 = 6*w. Suppose -206 = -3*u - 4*l, -5*u + 7*u - 3*l - 160 = 0. What is the remainder when u is divided by w?
2
Let n(h) = 2*h**2 + 197*h + 609. Calculate the remainder when n(-3) is divided by (-8)/24 - 80/(-6).
10
Let i = -73 - -152. Calculate the remainder when i is divided by (58/(-3) - -1)*6306/(-5255).
13
Suppose -2*c = 3*c + h - 346, -2*c - 5*h = -143. Suppose 0 = -4*l - 2*m + 52, 1166*l = 1163*l + 2*m + 18. What is the remainder when c is divided by l?
9
Suppose 2*m = -4*m - 72. Let g = m - -24. Suppose 5*a = 3*f - 146, 3*a - 186 = -2*f - f. What is the remainder when f is divided by g?
9
Let d = 4378 + 339. What is the remainder when d is divided by 13?
11
Let x(c) = 2*c**2 - 73*c + 139. Calculate the remainder when x(36) is divided by 6.
1
Calculate the remainder when 45 is divided by -14*(624/(-112) - -5).
5
Let c = -264 - -268. Suppose -421 = -2*k - c*r + 207, k - 326 = r. Calculate the remainder when k is divided by 6.
4
Let b(i) = 7*i + 8. Let d be b(-4). Let p = -16 - d. Suppose -2*l + p = -36. What is the remainder when 77 is divided by l?
17
What is the remainder when (10 + -22 + 125)*1 is divided by 56 - (-3 - 1)/2?
55
Suppose -16*f = -12*f - 5*r - 543, 0 = 2*f + 5*r - 279. Calculate the remainder when f is divided by 12.
5
Suppose 0 = -2*o + 4*k + 2342, -o - 4*o - 4*k = -5813. What is the remainder when o is divided by 1156?
9
Suppose 0 = 4*l - 8, -3*g = -0*g - l - 22. Let o = g - 6. Suppose 3*b + 87 = o*v - 0*b, 3*b - 48 = -v. Calculate the remainder when v is divided by 23.
22
What is the remainder when (124/(-12))/((-252)/(-210) - (-437)/(-360)) is divided by 11?
7
Suppose -m - 9*i = -8*i + 160, -6*m + 5*i = 905. Calculate the remainder when 12/(-186) - 9155/m is divided by 7.
3
Let p = -21 - -19. Calculate the remainder when 329 is divided by (6/(-11))/(p/110).
29
Let h(j) = -4*j - 19. Let u be h(0). Let l(p) = -10*p + 47. What is the remainder when l(u) is divided by 15?
12
Suppose 5*z + 8664 - 72248 = s, -3*z - s = -38152. What is the remainder when z is divided by 161?
159
Suppose -64*c + 1292 = -1716. What is the remainder when 503 is divided by c?
33
Let u be (-9)/(-7) + -1 - 204/(-21). Let q = u + -1. Calculate the remainder when 17 is divided by q.
8
Let w be (10/(-20))/(1/6*-1). Let m be (41 + w)/4 + 0. Suppose -m*y + 7*y + 28 = 0. Calculate the remainder when 25 is divided by y.
4
Suppose -453*g + 462*g = 261. Calculate the remainder when 104 is divided by g.
17
Let q be (1 - 2)/((-8)/(-264)). Let j(r) = -7*r - 138. What is the remainder when j(q) is divided by 29?
6
Let d be (-5)/(20/(-404)) + (2 - 5). Let m = 100 - d. Suppose -2*r - 42 = -m*i, 2*i + r - 117 = -3*i. What is the remainder when i is divided by 15?
8
Suppose 315 = 5*v + 295. Suppose -t + 2*h = -93, -9*t + v*h + 459 = -4*t. What is the remainder when t is divided by 19?
15
Let l(d) = d**2 + 4*d + 4. Let b be l(-4). Suppose 0 = -b*w + 120. What is the remainder when 49 is divided by w?
19
Let i = 48 - 48. Let l = 63 - 63. Suppose 4*b = 3*s - 61, -s + 2*b + 19 + l = i. What is the remainder when 68 is divided by s?
22
Let c(a) = 35*a - 75. Let l = -510 - -516. Calculate the remainder when c(l) is divided by 35.
30
Suppose -19*k = -23*k - 320. Let z = k + 135. What is the remainder when z is divided by 28?
27
Suppose -12*b = -38 - 170 - 8. Calculate the remainder when 8819 is divided by b.
17
Suppose 4*g - 1974 = -1402. Calculate the remainder when 402 is divided by g.
116
Let d be (-4)/7 - 402/(-42). Suppose d*a = 12*a. Suppose a = -4*k + 13 + 91. Calculate the remainder when 46 is divided by k.
20
What is the remainder when (3/((-9)/6))/(11/(-20317)) is divided by 44?
42
Let y(u) = u - 9. Let k be y(7). Let j be k + 2/5 + 10/(-25). What is the remainder when (-6 + 9)/(j/(-92)) is divided by 35?
33
Suppose -50 = 12*c - 86. Suppose -c*v = 2*f - 0*f - 237, -2*f = -4*v + 302. Suppose -2*o = -26 - 6. What is the remainder when v is divided by o?
13
What is the remainder when (-1091*1/(-4))/(216/864) is divided by 60?
11
Suppose -43*f - 37*f + 64288 = -24*f. What is the remainder when f is divided by 48?
44
Let u(r) be the second derivative of -r**5/20 - 2*r**4/3 + 5*r**3/6 + 3*r**2 + 25*r. Calculate the remainder when u(-9) is divided by 15.
12
Let r(y) = 7*y - 114. Let c be r(17). Suppose n - c*n + 5*a = -114, 0 = -2*n + 2*a + 56. What is the remainder when 61 is divided by n?
9
Suppose -32 = -u + 2*s, -u - 11*s + 10*s + 17 = 0. Calculate the remainder when 394 is divided by u.
20
Let a(n) = -5*n - 9. Let j(f) = -f**2 + f + 6. Let m be j(3). Suppose 0*u + 5*u - 260 = m. Calculate the remainder when u is divided by a(-4).
8
Let p be (-2)/(-1) + -5 + 13 + 76. Let f = p - 86. Suppose 0 = -i + 3*a + 21 - 8, 2*i + 2*a - 50 = f. What is the remainder when 107 is divided by i?
19
Let f(q) be the third derivative of q**6/120 - 3*q**5/10 - 5*q**4/6 + 23*q**3/3 + 171*q**2. Calculate the remainder when 102 is divided by f(19).
21
Let a(s) = 618*s**3 + 5*s**2 - 7*s. Let o be a(1). Let m = o - 597. What is the remainder when 38 is divided by m?
0
Let t(z) = 4*z**2 + 8*z - 22. Suppose 5*d - 40 - 25 = 0. Suppose 5*i + n = d, -n - 14 = -5*i + 3. What is the remainder when 302 is divided by t(i)?
36
Let h = 25800 + -22173. What is the remainder when h is divided by 3?
0
Let l(v) = -2*v**2 - 89*v + 30. Calculate the remainder when l(-42) is divided by 62.
54
Let u be (963/428)/((-3)/104 - 0).